33). Let n = f - y. Is n prime?
True
Let l = -11 - -16. Suppose 2*i = 4*t - 470, -i - 10 + l = 0. Suppose -96 = -r + t. Is r a composite number?
False
Let d = 237709 + -145116. Is d composite?
False
Let d(r) = r + 4. Let u be d(-2). Suppose a - u = -0. Suppose 0 = 4*f + 12, -a*n - n = -f - 2022. Is n composite?
False
Suppose -159604 = -9*z + 258860. Suppose -18*p + z = 3386. Is p composite?
True
Suppose -2*t - 37 = 5*w, -w + 3 = t + 14. Suppose 2641 + 3511 = -4*k. Is (-40)/(-60) + k/t composite?
False
Let f(z) = 3*z**3 - 2*z**2 + 41*z + 86. Let v be f(-2). Let y = 469 + 214. Let s = y + v. Is s composite?
True
Is (((-2045397)/(-6))/(-37))/((-23)/22 - -1) a composite number?
True
Let v(n) = 23324*n - 2677. Is v(11) prime?
False
Suppose 5*m - 92299 = -4*i + i, 3*m = 2*i - 61539. Suppose -2*q = 10, 2822 - i = -l + q. Is l a composite number?
False
Let p(a) = 6326*a - 9593. Is p(15) a prime number?
True
Let i = -39 - -44. Let v(n) = -n**3 + 3*n**2 + 9*n - 7. Let j be v(i). Is (j/(-36))/(-1 - (-3788)/3786) prime?
True
Suppose 0 = -h + 33900 + 127553. Is h a prime number?
True
Let f be (-72)/(-27)*3/(-2). Let u be (3 + f)*(3 + -3). Is (-3 + u + 26)*23 composite?
True
Let a(u) = 756*u + 79. Suppose 2*q - 18 = -3*q - o, -2*o - 8 = -q. Is a(q) a composite number?
True
Suppose 7*o = 21885 + 21557. Suppose 14*u = 12*u + o. Is u composite?
True
Let u(b) = b**3 + 3*b**2 + 9*b + 9. Let g be u(-3). Is -4*(-1473)/g*-3 composite?
True
Let d(g) = -3*g**3 + 3*g**2 + 11*g + 10. Let s be d(-8). Let k = 4733 - s. Is k a prime number?
True
Is 225669 - ((-9)/((-3 + 0)/3) - 17) a prime number?
False
Let u(r) = r**2 + 4*r - 11. Let w be u(8). Let m = -121 - -115. Let d = m + w. Is d prime?
True
Let r(y) = -y**3 - 5*y**2 - 2*y + 2. Let p be r(-3). Let z(i) = i**3 + 9*i**2 - 11*i - 5. Let m be z(p). Suppose 1055 + 1040 = m*h. Is h prime?
True
Let s be 1 - (-2 - -2 - 1). Let o(i) = -319*i - 50. Let b be o(-6). Suppose -226 = -p - s*j + 251, -4*p + 3*j + b = 0. Is p a prime number?
False
Let u(d) = d**2 - 21*d + 43. Let s be u(19). Suppose 2*q = -s*i - 3, 3*q - 2*i - 33 = 3*i. Is (0 + q)/(21/(-23) + 1) a composite number?
True
Suppose 4*j + 23881 = 3*u, -5*u = -3*j - 41480 + 1693. Suppose 2*c - 7*c + u = 0. Is c composite?
True
Let w(u) = 23*u**2 + 96*u - 7. Is w(-10) prime?
False
Let f(z) = -5*z**2 - 39*z + 2. Let o be f(-8). Is 194710/30 + 4/o*-1 composite?
False
Is (98 + -91 + (-1 - 2499728))*(-1)/2 prime?
True
Suppose 2*v - 6*n = -n + 421, -5 = -n. Suppose -219*b - 32588 = -v*b. Is b a prime number?
True
Let o be 13 + (-2)/((-18)/(-45)). Let v be 1 - 1*(0 + 1). Suppose v = o*m - 2696 + 240. Is m a composite number?
False
Suppose 3*j + 4 = 4*j. Let h(k) = -k - 2. Let b be h(-2). Suppose b = -l + 2*l + j*w - 2371, -2396 = -l + w. Is l a composite number?
True
Suppose -5*m - 5*r + 33 = 3, 5*r = 10. Suppose 0 = 4*o - 8, o + 5503 = m*a - 10451. Is a composite?
False
Let o = 8384 - -4679. Is o a composite number?
False
Let g be (-6)/21 - 2174/(-14). Let j = -6 + g. Is j prime?
True
Let a(i) = -120*i + 31. Suppose 0*d - 2*d + 8 = -n, -d + 9 = 2*n. Suppose -5 = 5*l, -4*v - 41 = -n*v - l. Is a(v) prime?
True
Let x(y) = 3*y**2 + 12*y + 25. Let u be x(-4). Suppose 5*l = u, l + 3*l = 5*s - 69905. Is s a prime number?
False
Let t(g) = -58*g - 9. Let a(n) = -n**2 + 5. Let y be a(0). Let d(b) = -29*b - 4. Let f(j) = y*d(j) - 3*t(j). Is f(18) a prime number?
False
Let x = -2632 + 4185. Let d = 1854 + x. Is d a prime number?
True
Is (-8)/20*(-12662585)/(-130)*(-4 - 1) a prime number?
True
Let z = 40177 + -17075. Suppose -3*b = -0*v - 5*v + z, -v + 4626 = 5*b. Is v a prime number?
True
Let q be (7/2)/(-2 + 93/46). Suppose 0 = -2*c + 3*k - 153, 6*c + 5*k + q = 4*c. Is ((-356)/(-2))/(1*(-12)/c) composite?
True
Let p(q) = 4*q**2 - 5*q + 12. Let s be p(4). Suppose s = 3*j - 19. Is 3352/5 + (-10)/j - -3 a composite number?
False
Suppose -4*l - 1 = 4*s - 9, -2*l + 4 = -5*s. Suppose -3*r - 2*f - f = s, 3*r - 10 = 2*f. Let q(h) = 160*h**2 - 2*h + 5. Is q(r) a composite number?
False
Let y(s) = -s + 3. Let k be y(-1). Suppose 0 = 3*o - 5 + 11. Is 1934/o*(1 + (2 - k)) prime?
True
Suppose 5*c - 2*a = 89086, -77271 + 6016 = -4*c - 3*a. Let n = -9015 + c. Is n composite?
True
Suppose -b + 89349 + 60886 = -0*b. Is b a prime number?
False
Let a = 473979 - -261482. Is a a prime number?
True
Let y(u) = -u**3 - 13*u**2 + 28*u - 21. Let w be y(-15). Suppose -2*b - 131476 = -2*f, 0 = -f - 5*b + w*b + 65747. Is f a prime number?
False
Let c be (-126)/(-15) + (-12)/30. Let m be (-15)/(-20) - (-82)/c. Suppose -m*v + 15*v - 2692 = 0. Is v prime?
True
Suppose -2*q + 2 + 14 = -3*p, p = -3*q + 13. Suppose 0*g = g - 3*w - 956, 0 = 5*w - q. Is g a prime number?
False
Suppose 4 - 10 = -3*n. Let k(t) = 3*t - 5*t - 113*t**n - 1 + 123*t**2 + 4. Is k(-8) a prime number?
True
Suppose -4 = 2*r - 4. Let u = 10 - 7. Suppose -3*g - 1297 + 400 = -u*w, -4*w - 4*g + 1188 = r. Is w a composite number?
True
Is 3/(-6)*157528/(-28) a composite number?
True
Let c = 45 - 41. Let k(p) = -8 + 16 - 5 + c*p**3 - 3*p + 6*p**3 + 3*p**2. Is k(4) a composite number?
True
Suppose 191*x - 93*x = 82*x. Let z be -4*(1 - (1 - -1)). Suppose -2*k = 5*d - 129, -2*k = -x*k + z*d - 134. Is k a prime number?
False
Let i(l) = 14*l**2 + 15*l - 14. Let h(k) = -k**3 - 5*k**2 + 7*k + 10. Let w be h(-6). Let q be i(w). Let g = -92 + q. Is g a composite number?
True
Let m = -40 + 69. Suppose 2*n - 3*n + m = -5*t, -n = -t - 9. Is -4 + n/((-16)/(-1220)) composite?
True
Let t be (-4)/(-10) + 54/15. Suppose -2*v = 4*l - v - 8, 19 = 3*l + t*v. Suppose -3*a - 142 = -2*h, 3*a - 5 - l = 0. Is h prime?
False
Let u be (-30)/(-5 + 0) - -22469. Suppose -l = f - 7492, -4*f - u = -3*l - 8*f. Is l a composite number?
True
Let p(n) = 146*n**2 - 3*n - 3. Let u = 53 + -61. Let f be (36/(-8) - -4)/((-2)/u). Is p(f) a composite number?
False
Suppose -2378937 - 1855701 = -58*j. Is j prime?
False
Is 21/((-348950)/(-2935730) - (-2)/(-17)) composite?
True
Let u(n) = 254*n + 16869. Is u(0) a prime number?
False
Let v(n) = -8 + 1715*n**3 - 1883*n**3 + n - 2251*n**3 - 4602*n**3 - 8*n + 2*n**2. Is v(-1) a prime number?
False
Suppose -5*v = 4*d - 101716, 260*d - 259*d - 25429 = 2*v. Is d prime?
False
Let t(q) be the third derivative of -7*q**6/120 - 4*q**5/15 - 2*q**4/3 + 31*q**3/6 + 75*q**2. Is t(-10) composite?
False
Suppose 11442*w = 11421*w - 1738405 + 8433646. Is w a prime number?
False
Let q(f) be the third derivative of 1003*f**4/24 + 41*f**3/6 + 4*f**2 - 2. Is q(2) a composite number?
True
Let g = 538 + -182. Suppose u + g = d, 3*d - u - 1069 = 3*u. Is d prime?
False
Suppose -9*y + 3 + 6 = 0. Let q be -9 - (y - -1)*21/(-14). Is -28*q/((-72)/(-4227)) prime?
False
Let x = -51 - -70. Suppose -2*p + 65289 = x*p. Is p prime?
True
Is ((-12)/16 - (-36295)/4) + 6 a prime number?
False
Suppose -y = 7 - 12. Suppose -8*x + 1517 = 2*i - 5*x, 3850 = y*i - 4*x. Is i a composite number?
True
Suppose -l - 73 = -3*z + 158, -4*z + l + 309 = 0. Suppose -34908 = -z*v + 66*v. Is v a composite number?
False
Let d(n) = 45*n**2 + 124*n + 30. Is d(-11) prime?
True
Let c(s) = -227*s**2 + 3*s + 15. Let x(v) = -v**2 + v - 1. Let k(m) = -c(m) - 4*x(m). Is k(6) a composite number?
False
Is (20222/(-1))/(5 - (15 + -8)) a prime number?
True
Let q = -573 + 572. Let a(c) = -4843*c**3 - c**2 - 6*c - 5. Is a(q) composite?
True
Let m(p) = -189*p - 4. Let v be m(2). Let f = v - -1374. Suppose -304 = z + 3*w - f, -1392 = -2*z + 2*w. Is z prime?
False
Let s(k) = 3135*k**2 - 115*k - 589. Is s(-5) a prime number?
False
Is 1012881*(-8)/(-40)*(-10)/(-6) prime?
True
Is 2 + (-115)/65 - (-26272790)/65 composite?
False
Let u(m) = 217*m**2 - 2*m. Let b be u(3). Let d = b + -1300. Is d a composite number?
False
Suppose 4*c + 0*d + 2*d = 16, 4*c + 4*d - 8 = 0. Suppose 2*k = -3*g + 875, -2*g - c*k = -4*k - 582. Is g prime?
True
Suppose 180985*o - 181002*o + 2599963 = 0. Is o composite?
False
Let c be 3 - (3 + -6 - -2). Let x be (4/(-6))/(-2*c/24). Suppose v + 4 = -3*v, -3*v + 419 = x*w. Is w a prime number?
True
Is 30824 + 4 - (10 + (-9 - 2)) a prime number?
True
Let d(m) = 40*m**2 + 26*m + 59. Suppose 26*z = 23*z - 51. Is d(z) a prime number?
True
Is 36266 + (-9 - 0 - -6) a prime number?
True
Let g = -88 - -91. Suppose 0 = -